 hundred thousands digit of 505914943?
9
What is the ten thousands digit of 258250115?
5
What is the hundred millions digit of 430603755?
4
What is the hundred thousands digit of 193901932?
9
What is the ten millions digit of 56339705?
5
What is the hundred thousands digit of 9234987?
2
What is the hundred millions digit of 125905894?
1
What is the thousands digit of 4785957?
5
What is the hundred millions digit of 1417479773?
4
What is the tens digit of 53605350?
5
What is the hundred thousands digit of 4835514334?
5
What is the ten thousands digit of 55001528?
0
What is the thousands digit of 27157869?
7
What is the hundreds digit of 5889144526?
5
What is the ten millions digit of 524455020?
2
What is the ten thousands digit of 135705785?
0
What is the millions digit of 1844505768?
4
What is the tens digit of 1922571105?
0
What is the tens digit of 76588531?
3
What is the units digit of 1281002893?
3
What is the thousands digit of 58580773?
0
What is the tens digit of 1190721398?
9
What is the millions digit of 186239492?
6
What is the hundreds digit of 156974021?
0
What is the hundreds digit of 129274610?
6
What is the hundreds digit of 41267943?
9
What is the thousands digit of 154961446?
1
What is the hundreds digit of 266870638?
6
What is the hundred thousands digit of 114742316?
7
What is the billions digit of 6151027576?
6
What is the millions digit of 119698205?
9
What is the hundred thousands digit of 46095212?
0
What is the hundred millions digit of 974500930?
9
What is the tens digit of 59973330?
3
What is the tens digit of 35649112?
1
What is the units digit of 43205694?
4
What is the thousands digit of 1456618654?
8
What is the ten thousands digit of 5744092?
4
What is the units digit of 1850315724?
4
What is the units digit of 93464653?
3
What is the units digit of 448071488?
8
What is the tens digit of 4411364470?
7
What is the tens digit of 1363628?
2
What is the millions digit of 120925765?
0
What is the tens digit of 17727204?
0
What is the ten thousands digit of 143449019?
4
What is the ten millions digit of 139631488?
3
What is the ten thousands digit of 62563857?
6
What is the thousands digit of 4245793913?
3
What is the millions digit of 6213540810?
3
What is the hundred thousands digit of 641881482?
8
What is the ten millions digit of 1845007976?
4
What is the millions digit of 1468037474?
8
What is the hundreds digit of 103937529?
5
What is the ten millions digit of 215376468?
1
What is the billions digit of 2448020117?
2
What is the millions digit of 2377882392?
7
What is the ten thousands digit of 31922799?
2
What is the ten millions digit of 709689135?
0
What is the units digit of 447624376?
6
What is the hundred millions digit of 225646603?
2
What is the millions digit of 104965078?
4
What is the hundred millions digit of 562150198?
5
What is the millions digit of 1799500400?
9
What is the hundreds digit of 2043941259?
2
What is the ten thousands digit of 1599478940?
7
What is the ten millions digit of 31945918?
3
What is the ten millions digit of 680472721?
8
What is the ten millions digit of 444135494?
4
What is the units digit of 141854808?
8
What is the ten thousands digit of 169171947?
7
What is the hundred thousands digit of 2285704053?
7
What is the hundreds digit of 68068586?
5
What is the ten thousands digit of 33768418?
6
What is the thousands digit of 97934194?
4
What is the units digit of 4186644475?
5
What is the thousands digit of 3273270412?
0
What is the tens digit of 34896155?
5
What is the hundred thousands digit of 37490884?
4
What is the ten thousands digit of 7655620108?
2
What is the hundred thousands digit of 1902352595?
3
What is the hundreds digit of 22031693?
6
What is the thousands digit of 322149281?
9
What is the ten thousands digit of 11225245?
2
What is the units digit of 738499981?
1
What is the hundred thousands digit of 71176731?
1
What is the tens digit of 35001206?
0
What is the millions digit of 217796541?
7
What is the ten millions digit of 26308833?
2
What is the ten thousands digit of 59265760?
6
What is the billions digit of 4957573900?
4
What is the thousands digit of 246949433?
9
What is the hundred thousands digit of 67447380?
4
What is the hundreds digit of 116089036?
0
What is the hundred millions digit of 1226378462?
2
What is the ten millions digit of 455094720?
5
What is the hundreds digit of 485062373?
3
What is the tens digit of 183576843?
4
What is the units digit of 59978168?
8
What is the millions digit of 170272564?
0
What is the hundreds digit of 3406212027?
0
What is the units digit of 19963361?
1
What is the millions digit of 2563308517?
3
What is the hundred thousands digit of 1340118808?
1
What is the hundred thousands digit of 14985009?
9
What is the thousands digit of 186799177?
9
What is the units digit of 1119087908?
8
What is the ten thousands digit of 759800288?
0
What is the hundreds digit of 96088181?
1
What is the ten thousands digit of 3518334?
1
What is the units digit of 614841694?
4
What is the thousands digit of 290208513?
8
What is the hundred thousands digit of 361389717?
3
What is the tens digit of 63042327?
2
What is the tens digit of 880136183?
8
What is the millions digit of 345135250?
5
What is the hundreds digit of 110879392?
3
What is the hundred thousands digit of 61821661?
8
What is the hundreds digit of 2704206209?
2
What is the ten thousands digit of 45884383?
8
What is the ten thousands digit of 36947253?
4
What is the ten millions digit of 95110041?
9
What is the hundreds digit of 53417856?
8
What is the units digit of 11030453?
3
What is the thousands digit of 1022039891?
9
What is the millions digit of 324677743?
4
What is the ten millions digit of 14327264?
1
What is the millions digit of 237260531?
7
What is the thousands digit of 337402624?
2
What is the ten thousands digit of 2051940293?
4
What is the ten thousands digit of 1103036714?
3
What is the units digit of 115408963?
3
What is the units digit of 557419717?
7
What is the millions digit of 464006721?
4
What is the ten millions digit of 1203804852?
0
What is the hundreds digit of 41510198?
1
What is the hundreds digit of 44526902?
9
What is the ten thousands digit of 91978341?
7
What is the units digit of 524206559?
9
What is the tens digit of 27012606?
0
What is the tens digit of 372344895?
9
What is the hundred thousands digit of 29152208?
1
What is the thousands digit of 518556312?
6
What is the thousands digit of 269608880?
8
What is the billions digit of 3204087139?
3
What is the hundred thousands digit of 48081754?
0
What is the millions digit of 945033307?
5
What is the tens digit of 409563202?
0
What is the hundred thousands digit of 796303?
7
What is the ten millions digit of 1804202098?
0
What is the hundred millions digit of 289859012?
2
What is the thousands digit of 61048507?
8
What is the hundred millions digit of 557797038?
5
What is the tens digit of 1077794470?
7
What is the hundred millions digit of 146135289?
1
What is the hundred millions digit of 211755164?
2
What is the ten millions digit of 5309348178?
0
What is the thousands digit of 291650973?
0
What is the units digit of 2558655758?
8
What is the millions digit of 4085791618?
5
What is the thousands digit of 2630103485?
3
What is the hundreds digit of 13434654?
6
What is the ten thousands digit of 38006379?
0
What is the ten thousands digit of 11214602?
1
What is the ten thousands digit of 7741993237?
9
What is the ten thousands digit of 3950139110?
3
What is the thousands digit of 2981956922?
6
What is the thousands digit of 34471044?
1
What is the thousands digit of 6199726380?
6
What is the hundreds digit of 4503711?
7
What is the units digit of 3202057790?
0
What is the hundred thousands digit of 125361016?
3
What is the millions digit of 14825436?
4
What is the millions digit of 5252025?
5
What is the thousands digit of 519865789?
5
What is the hundred thousands digit of 1394124549?
1
What is the units digit of 50800168?
8
What is the hundreds digit of 104466018?
0
What is the ten thousands digit of 962061773?
6
What is the thousands digit of 43660056?
0
What is the hundreds digit of 31630107?
1
What is the millions digit of 82717693?
2
What is the ten thousands digit of 21921619?
